{"id":298,"date":"2025-04-17T07:16:18","date_gmt":"2025-04-17T07:16:18","guid":{"rendered":"https:\/\/sandrawiniger.ch\/?page_id=298"},"modified":"2025-05-29T06:58:20","modified_gmt":"2025-05-29T06:58:20","slug":"events","status":"publish","type":"page","link":"https:\/\/sandrawiniger.ch\/?page_id=298","title":{"rendered":"Events"},"content":{"rendered":"\n<p>Ich liebe es, an Events die sch\u00f6nsten Momente mit der Kamera einzufangen. Ob Familienfeiern, Konzerte oder \u00f6ffentliche Anl\u00e4sse &#8211; mit Bildern bleiben die Erinnerungen frisch. <\/p>\n\n\n\n<h4 class=\"wp-block-heading\">Konzerte<\/h4>\n\n\n\n<figure class=\"wp-block-gallery has-nested-images columns-default is-cropped wp-block-gallery-1 is-layout-flex wp-block-gallery-is-layout-flex\">\n<figure class=\"wp-block-image size-large\"><img fetchpriority=\"high\" decoding=\"async\" width=\"1024\" height=\"683\" data-id=\"203\" src=\"https:\/\/sandrawiniger.ch\/wp-content\/uploads\/2024\/11\/512a0d_275929032208464d92e62c8cfc40bcb3mv2-1024x683.jpg\" alt=\"\" class=\"wp-image-203\" srcset=\"https:\/\/sandrawiniger.ch\/wp-content\/uploads\/2024\/11\/512a0d_275929032208464d92e62c8cfc40bcb3mv2-1024x683.jpg 1024w, https:\/\/sandrawiniger.ch\/wp-content\/uploads\/2024\/11\/512a0d_275929032208464d92e62c8cfc40bcb3mv2-300x200.jpg 300w, https:\/\/sandrawiniger.ch\/wp-content\/uploads\/2024\/11\/512a0d_275929032208464d92e62c8cfc40bcb3mv2-768x512.jpg 768w, https:\/\/sandrawiniger.ch\/wp-content\/uploads\/2024\/11\/512a0d_275929032208464d92e62c8cfc40bcb3mv2-800x533.jpg 800w, https:\/\/sandrawiniger.ch\/wp-content\/uploads\/2024\/11\/512a0d_275929032208464d92e62c8cfc40bcb3mv2.jpg 1320w\" sizes=\"(max-width: 1024px) 100vw, 1024px\" \/><\/figure>\n\n\n\n<figure class=\"wp-block-image size-large\"><img decoding=\"async\" width=\"1024\" height=\"683\" data-id=\"204\" src=\"https:\/\/sandrawiniger.ch\/wp-content\/uploads\/2024\/11\/512a0d_fb0cd5e2056745c9bedf971e5d17a49bmv2-1024x683.jpg\" alt=\"\" class=\"wp-image-204\" srcset=\"https:\/\/sandrawiniger.ch\/wp-content\/uploads\/2024\/11\/512a0d_fb0cd5e2056745c9bedf971e5d17a49bmv2-1024x683.jpg 1024w, https:\/\/sandrawiniger.ch\/wp-content\/uploads\/2024\/11\/512a0d_fb0cd5e2056745c9bedf971e5d17a49bmv2-300x200.jpg 300w, https:\/\/sandrawiniger.ch\/wp-content\/uploads\/2024\/11\/512a0d_fb0cd5e2056745c9bedf971e5d17a49bmv2-768x512.jpg 768w, https:\/\/sandrawiniger.ch\/wp-content\/uploads\/2024\/11\/512a0d_fb0cd5e2056745c9bedf971e5d17a49bmv2-800x533.jpg 800w, https:\/\/sandrawiniger.ch\/wp-content\/uploads\/2024\/11\/512a0d_fb0cd5e2056745c9bedf971e5d17a49bmv2.jpg 1320w\" sizes=\"(max-width: 1024px) 100vw, 1024px\" \/><\/figure>\n\n\n\n<figure class=\"wp-block-image size-large\"><img decoding=\"async\" width=\"434\" height=\"432\" data-id=\"201\" src=\"https:\/\/sandrawiniger.ch\/wp-content\/uploads\/2024\/11\/512a0d_75ce96d00ff14ef6ae34be11ba81fe85mv2.webp\" alt=\"\" class=\"wp-image-201\" srcset=\"https:\/\/sandrawiniger.ch\/wp-content\/uploads\/2024\/11\/512a0d_75ce96d00ff14ef6ae34be11ba81fe85mv2.webp 434w, https:\/\/sandrawiniger.ch\/wp-content\/uploads\/2024\/11\/512a0d_75ce96d00ff14ef6ae34be11ba81fe85mv2-300x300.webp 300w, https:\/\/sandrawiniger.ch\/wp-content\/uploads\/2024\/11\/512a0d_75ce96d00ff14ef6ae34be11ba81fe85mv2-150x150.webp 150w, https:\/\/sandrawiniger.ch\/wp-content\/uploads\/2024\/11\/512a0d_75ce96d00ff14ef6ae34be11ba81fe85mv2-160x160.webp 160w\" sizes=\"(max-width: 434px) 100vw, 434px\" \/><\/figure>\n<\/figure>\n\n\n\n<p>Marla Glen und Band am Country Festival, Albisg\u00fcetli, Z\u00fcrich<\/p>\n\n\n\n<h4 class=\"wp-block-heading\">Brauchtum und Tradition<\/h4>\n\n\n\n<figure class=\"wp-block-gallery has-nested-images columns-default is-cropped wp-block-gallery-2 is-layout-flex wp-block-gallery-is-layout-flex\">\n<figure class=\"wp-block-image size-large\"><img loading=\"lazy\" decoding=\"async\" width=\"1024\" height=\"576\" data-id=\"157\" src=\"https:\/\/sandrawiniger.ch\/wp-content\/uploads\/2024\/11\/512a0d_1d4a0f86e5b8489aa037e31ff632009bmv2-1024x576.jpg\" alt=\"\" class=\"wp-image-157\" srcset=\"https:\/\/sandrawiniger.ch\/wp-content\/uploads\/2024\/11\/512a0d_1d4a0f86e5b8489aa037e31ff632009bmv2-1024x576.jpg 1024w, https:\/\/sandrawiniger.ch\/wp-content\/uploads\/2024\/11\/512a0d_1d4a0f86e5b8489aa037e31ff632009bmv2-300x169.jpg 300w, https:\/\/sandrawiniger.ch\/wp-content\/uploads\/2024\/11\/512a0d_1d4a0f86e5b8489aa037e31ff632009bmv2-768x432.jpg 768w, https:\/\/sandrawiniger.ch\/wp-content\/uploads\/2024\/11\/512a0d_1d4a0f86e5b8489aa037e31ff632009bmv2-800x450.jpg 800w, https:\/\/sandrawiniger.ch\/wp-content\/uploads\/2024\/11\/512a0d_1d4a0f86e5b8489aa037e31ff632009bmv2.jpg 1300w\" sizes=\"(max-width: 1024px) 100vw, 1024px\" \/><\/figure>\n\n\n\n<figure class=\"wp-block-image size-full\"><img loading=\"lazy\" decoding=\"async\" width=\"434\" height=\"432\" data-id=\"143\" src=\"https:\/\/sandrawiniger.ch\/wp-content\/uploads\/2024\/11\/512a0d_d637f227bca84af3866d7b6e2fdfa62amv2.webp\" alt=\"\" class=\"wp-image-143\" srcset=\"https:\/\/sandrawiniger.ch\/wp-content\/uploads\/2024\/11\/512a0d_d637f227bca84af3866d7b6e2fdfa62amv2.webp 434w, https:\/\/sandrawiniger.ch\/wp-content\/uploads\/2024\/11\/512a0d_d637f227bca84af3866d7b6e2fdfa62amv2-300x300.webp 300w, https:\/\/sandrawiniger.ch\/wp-content\/uploads\/2024\/11\/512a0d_d637f227bca84af3866d7b6e2fdfa62amv2-150x150.webp 150w, https:\/\/sandrawiniger.ch\/wp-content\/uploads\/2024\/11\/512a0d_d637f227bca84af3866d7b6e2fdfa62amv2-160x160.webp 160w\" sizes=\"(max-width: 434px) 100vw, 434px\" \/><\/figure>\n\n\n\n<figure class=\"wp-block-image size-large\"><img loading=\"lazy\" decoding=\"async\" width=\"432\" height=\"432\" data-id=\"154\" src=\"https:\/\/sandrawiniger.ch\/wp-content\/uploads\/2024\/11\/512a0d_e2e317dbc87a49fab9f869e1272da253mv2.webp\" alt=\"\" class=\"wp-image-154\" srcset=\"https:\/\/sandrawiniger.ch\/wp-content\/uploads\/2024\/11\/512a0d_e2e317dbc87a49fab9f869e1272da253mv2.webp 432w, https:\/\/sandrawiniger.ch\/wp-content\/uploads\/2024\/11\/512a0d_e2e317dbc87a49fab9f869e1272da253mv2-300x300.webp 300w, https:\/\/sandrawiniger.ch\/wp-content\/uploads\/2024\/11\/512a0d_e2e317dbc87a49fab9f869e1272da253mv2-150x150.webp 150w, https:\/\/sandrawiniger.ch\/wp-content\/uploads\/2024\/11\/512a0d_e2e317dbc87a49fab9f869e1272da253mv2-160x160.webp 160w\" sizes=\"(max-width: 432px) 100vw, 432px\" \/><\/figure>\n\n\n\n<figure class=\"wp-block-image size-large\"><img loading=\"lazy\" decoding=\"async\" width=\"434\" height=\"432\" data-id=\"153\" src=\"https:\/\/sandrawiniger.ch\/wp-content\/uploads\/2024\/11\/512a0d_b5b3670db465496f93b4d8a537cac0e5mv2.webp\" alt=\"\" class=\"wp-image-153\" srcset=\"https:\/\/sandrawiniger.ch\/wp-content\/uploads\/2024\/11\/512a0d_b5b3670db465496f93b4d8a537cac0e5mv2.webp 434w, https:\/\/sandrawiniger.ch\/wp-content\/uploads\/2024\/11\/512a0d_b5b3670db465496f93b4d8a537cac0e5mv2-300x300.webp 300w, https:\/\/sandrawiniger.ch\/wp-content\/uploads\/2024\/11\/512a0d_b5b3670db465496f93b4d8a537cac0e5mv2-150x150.webp 150w, https:\/\/sandrawiniger.ch\/wp-content\/uploads\/2024\/11\/512a0d_b5b3670db465496f93b4d8a537cac0e5mv2-160x160.webp 160w\" sizes=\"(max-width: 434px) 100vw, 434px\" \/><\/figure>\n\n\n\n<figure class=\"wp-block-image size-large\"><img loading=\"lazy\" decoding=\"async\" width=\"434\" height=\"432\" data-id=\"152\" src=\"https:\/\/sandrawiniger.ch\/wp-content\/uploads\/2024\/11\/512a0d_a781be736eae4194b141f23c62cb5e45mv2.webp\" alt=\"\" class=\"wp-image-152\" srcset=\"https:\/\/sandrawiniger.ch\/wp-content\/uploads\/2024\/11\/512a0d_a781be736eae4194b141f23c62cb5e45mv2.webp 434w, https:\/\/sandrawiniger.ch\/wp-content\/uploads\/2024\/11\/512a0d_a781be736eae4194b141f23c62cb5e45mv2-300x300.webp 300w, https:\/\/sandrawiniger.ch\/wp-content\/uploads\/2024\/11\/512a0d_a781be736eae4194b141f23c62cb5e45mv2-150x150.webp 150w, https:\/\/sandrawiniger.ch\/wp-content\/uploads\/2024\/11\/512a0d_a781be736eae4194b141f23c62cb5e45mv2-160x160.webp 160w\" sizes=\"(max-width: 434px) 100vw, 434px\" \/><\/figure>\n\n\n\n<figure class=\"wp-block-image size-large\"><img loading=\"lazy\" decoding=\"async\" width=\"1024\" height=\"576\" data-id=\"144\" src=\"https:\/\/sandrawiniger.ch\/wp-content\/uploads\/2024\/11\/512a0d_61f3e8afefa44d768327f6b5cafdb4c2mv2-1024x576.jpg\" alt=\"\" class=\"wp-image-144\" srcset=\"https:\/\/sandrawiniger.ch\/wp-content\/uploads\/2024\/11\/512a0d_61f3e8afefa44d768327f6b5cafdb4c2mv2-1024x576.jpg 1024w, https:\/\/sandrawiniger.ch\/wp-content\/uploads\/2024\/11\/512a0d_61f3e8afefa44d768327f6b5cafdb4c2mv2-300x169.jpg 300w, https:\/\/sandrawiniger.ch\/wp-content\/uploads\/2024\/11\/512a0d_61f3e8afefa44d768327f6b5cafdb4c2mv2-768x432.jpg 768w, https:\/\/sandrawiniger.ch\/wp-content\/uploads\/2024\/11\/512a0d_61f3e8afefa44d768327f6b5cafdb4c2mv2-800x450.jpg 800w, https:\/\/sandrawiniger.ch\/wp-content\/uploads\/2024\/11\/512a0d_61f3e8afefa44d768327f6b5cafdb4c2mv2.jpg 1300w\" sizes=\"(max-width: 1024px) 100vw, 1024px\" \/><\/figure>\n<\/figure>\n\n\n\n<p>Chriesisturm in Zug<\/p>\n\n\n\n<p><\/p>\n","protected":false},"excerpt":{"rendered":"<p>Ich liebe es, an Events die sch\u00f6nsten Momente mit der Kamera einzufangen. Ob Familienfeiern, Konzerte oder \u00f6ffentliche Anl\u00e4sse &#8211; mit Bildern bleiben die Erinnerungen frisch. Konzerte Marla Glen und Band am Country Festival, Albisg\u00fcetli, Z\u00fcrich Brauchtum und Tradition Chriesisturm in Zug<\/p>\n","protected":false},"author":1,"featured_media":0,"parent":28,"menu_order":23,"comment_status":"closed","ping_status":"closed","template":"","meta":{"footnotes":""},"class_list":["post-298","page","type-page","status-publish","hentry"],"_links":{"self":[{"href":"https:\/\/sandrawiniger.ch\/index.php?rest_route=\/wp\/v2\/pages\/298","targetHints":{"allow":["GET"]}}],"collection":[{"href":"https:\/\/sandrawiniger.ch\/index.php?rest_route=\/wp\/v2\/pages"}],"about":[{"href":"https:\/\/sandrawiniger.ch\/index.php?rest_route=\/wp\/v2\/types\/page"}],"author":[{"embeddable":true,"href":"https:\/\/sandrawiniger.ch\/index.php?rest_route=\/wp\/v2\/users\/1"}],"replies":[{"embeddable":true,"href":"https:\/\/sandrawiniger.ch\/index.php?rest_route=%2Fwp%2Fv2%2Fcomments&post=298"}],"version-history":[{"count":6,"href":"https:\/\/sandrawiniger.ch\/index.php?rest_route=\/wp\/v2\/pages\/298\/revisions"}],"predecessor-version":[{"id":346,"href":"https:\/\/sandrawiniger.ch\/index.php?rest_route=\/wp\/v2\/pages\/298\/revisions\/346"}],"up":[{"embeddable":true,"href":"https:\/\/sandrawiniger.ch\/index.php?rest_route=\/wp\/v2\/pages\/28"}],"wp:attachment":[{"href":"https:\/\/sandrawiniger.ch\/index.php?rest_route=%2Fwp%2Fv2%2Fmedia&parent=298"}],"curies":[{"name":"wp","href":"https:\/\/api.w.org\/{rel}","templated":true}]}}